on divisor of 316 and 528055908.
316
What is the greatest common factor of 84 and 791392?
28
Calculate the greatest common divisor of 2309291920 and 494.
494
What is the highest common divisor of 14991 and 2809073544?
14991
What is the highest common divisor of 57546 and 527160?
138
Calculate the highest common factor of 1235 and 88673.
247
What is the greatest common divisor of 15036403 and 659?
659
What is the highest common divisor of 21376500 and 108?
12
What is the greatest common divisor of 15800 and 66130584?
632
What is the greatest common factor of 133738 and 11858?
22
What is the highest common divisor of 20468 and 313684?
476
Calculate the highest common factor of 311150 and 54610.
1270
Calculate the greatest common divisor of 72354 and 2017914.
186
Calculate the greatest common divisor of 54284 and 194668.
164
What is the greatest common divisor of 2404430 and 200?
10
What is the greatest common divisor of 965 and 498970?
5
What is the greatest common factor of 511 and 10475719?
73
Calculate the highest common factor of 8283 and 18869427.
753
Calculate the greatest common factor of 28583050 and 940.
470
Calculate the greatest common divisor of 6739 and 1672675.
23
Calculate the greatest common factor of 21250 and 150688.
34
Calculate the greatest common factor of 1820192183 and 643.
643
Calculate the greatest common factor of 1219 and 51451.
23
Calculate the greatest common factor of 9324 and 90546918.
1554
Calculate the greatest common factor of 16147109 and 2.
1
Calculate the greatest common divisor of 1350665 and 2.
1
What is the greatest common divisor of 51415 and 23132795?
3955
What is the greatest common factor of 147 and 150278639?
49
What is the highest common factor of 9 and 2633978?
1
Calculate the highest common divisor of 193 and 398241797.
193
What is the greatest common divisor of 2958 and 25963845?
1479
Calculate the highest common divisor of 21277449 and 18.
9
Calculate the greatest common divisor of 10514455 and 315.
35
Calculate the greatest common factor of 20 and 1796274490.
10
What is the greatest common divisor of 47538 and 1294229?
139
What is the highest common factor of 466288 and 960?
16
Calculate the highest common factor of 58 and 4240798.
2
What is the greatest common factor of 7182 and 65231484?
114
What is the greatest common factor of 2775177 and 747?
9
What is the greatest common divisor of 2420 and 3570820?
220
What is the highest common divisor of 268 and 51153897?
67
Calculate the highest common divisor of 1377732 and 3210.
642
What is the highest common factor of 8557470 and 1650?
30
Calculate the greatest common factor of 6902529 and 1743.
249
What is the greatest common factor of 924 and 92021391?
231
Calculate the highest common factor of 539688 and 452904.
2712
What is the highest common factor of 1791088 and 448?
16
What is the highest common divisor of 2188 and 839098?
1094
Calculate the greatest common factor of 33606600 and 1650.
150
What is the greatest common factor of 2160 and 231584130?
270
Calculate the greatest common divisor of 6266 and 4065334.
26
Calculate the greatest common divisor of 11055 and 211502049.
2211
What is the greatest common factor of 1411331 and 109?
1
What is the highest common factor of 172368 and 38934?
378
Calculate the highest common divisor of 196 and 9555476.
28
What is the highest common factor of 53325 and 1417500?
675
Calculate the greatest common divisor of 28600 and 139404200.
2600
What is the greatest common factor of 8153 and 88381?
31
Calculate the highest common divisor of 301 and 34881299.
43
Calculate the highest common factor of 13995224 and 1656.
184
What is the greatest common factor of 1387026 and 882?
18
Calculate the greatest common divisor of 2604 and 75082.
434
Calculate the greatest common factor of 100007325 and 2160.
135
What is the greatest common factor of 100560908 and 4496?
1124
Calculate the highest common factor of 5784 and 9109318.
482
Calculate the highest common divisor of 494603 and 194.
97
What is the highest common divisor of 1600 and 92367400?
200
Calculate the greatest common divisor of 680 and 215077880.
680
Calculate the highest common factor of 4754832 and 1672.
8
Calculate the greatest common divisor of 567 and 14906673.
81
What is the greatest common divisor of 3071 and 7291072?
37
Calculate the highest common factor of 25196 and 60428.
4
What is the highest common divisor of 164328 and 1014504?
984
What is the greatest common divisor of 14961 and 260416153?
4987
What is the highest common factor of 23972739 and 21?
21
What is the highest common factor of 194390 and 124040?
70
What is the greatest common divisor of 328046868 and 288?
36
What is the highest common divisor of 103017668 and 676?
676
What is the highest common factor of 82 and 56527766?
82
Calculate the highest common factor of 4064 and 2452864.
32
What is the greatest common divisor of 34328 and 2261970?
1226
Calculate the greatest common factor of 7310 and 598824235.
3655
Calculate the greatest common factor of 463 and 20886393.
463
What is the highest common factor of 14192088 and 24?
24
What is the greatest common divisor of 49 and 6436024?
7
Calculate the greatest common divisor of 43180 and 130345307.
2159
What is the greatest common factor of 340193207 and 851?
851
Calculate the highest common divisor of 560 and 14912.
16
What is the highest common factor of 147 and 7385271?
3
What is the greatest common divisor of 165503 and 3159?
13
Calculate the greatest common factor of 7738445 and 15.
5
What is the greatest common factor of 8358 and 5787318?
1194
What is the greatest common divisor of 6025149 and 64584?
2691
What is the greatest common factor of 27334672 and 1472?
368
What is the greatest common factor of 1910160 and 22155?
105
Calculate the greatest common divisor of 13670881 and 1876.
469
Calculate the highest common divisor of 36893312 and 73733.
6703
What is the highest common divisor of 438340 and 1298052?
2828
What is the highest common factor of 513 and 178266636?
27
What is the highest common factor of 2250 and 212070?
30
Calculate the greatest common divisor of 32 and 61947408.
16
What is the greatest common divisor of 120465 and 142200?
45
What is the highest common divisor of 73359 and 16992261?
3861
What is the greatest common factor of 1880465 and 44075?
205
What is the highest common divisor of 14355 and 15361445?
1595
Calculate the highest common factor of 602104 and 60079.
73
Calculate the greatest common factor of 95542824 and 936.
312
What is the greatest common factor of 8906625 and 203?
203
What is the greatest common factor of 22504 and 584134?
194
Calculate the highest common factor of 41204566 and 5151.
1717
Calculate the greatest common divisor of 7051 and 1072393.
641
Calculate the greatest common divisor of 1803075 and 23925.
2175
Calculate the highest common factor of 38016797 and 1443.
481
What is the greatest common factor of 2071691 and 146759?
3413
What is the greatest common divisor of 101952 and 1224288?
864
Calculate the greatest common factor of 216135 and 39555.
135
Calculate the greatest common factor of 76683413 and 68.
17
What is the greatest common factor of 2359652 and 584?
292
What is the greatest common factor of 17271740 and 10?
10
What is the highest common divisor of 355498380 and 80?
20
What is the highest common divisor of 2938943 and 476?
119
Calculate the highest common factor of 3689893 and 33373.
1451
Calculate the highest common divisor of 5113958 and 12091.
107
Calculate the highest common divisor of 84 and 213776248.
28
Calculate the highest common divisor of 752 and 664486.
94
Calculate the greatest common divisor of 35481096 and 22344.
1176
Calculate the highest common factor of 585 and 841321.
13
What is the highest common divisor of 15318 and 2801122?
74
Calculate the highest common divisor of 263025 and 7452900.
1575
What is the greatest common divisor of 10 and 2650940?
10
What is the highest common divisor of 532950 and 7773964?
7106
What is the highest common factor of 1305630 and 307940?
890
Calculate the highest common divisor of 5376744 and 752.
8
What is the highest common divisor of 58597 and 1035804?
77
What is the greatest common divisor of 2335 and 135?
5
Calculate 